{"id":671,"date":"2020-12-04T15:19:44","date_gmt":"2020-12-04T15:19:44","guid":{"rendered":"https:\/\/malerei-klotz.de\/wordpress\/?page_id=671"},"modified":"2022-05-22T17:55:44","modified_gmt":"2022-05-22T17:55:44","slug":"impressum","status":"publish","type":"page","link":"https:\/\/malerei-klotz.de\/wordpress\/impressum\/","title":{"rendered":"Impressum"},"content":{"rendered":"\t\t<div data-elementor-type=\"wp-page\" data-elementor-id=\"671\" class=\"elementor elementor-671\">\n\t\t\t\t\t\t<div class=\"elementor-inner\">\n\t\t\t\t<div class=\"elementor-section-wrap\">\n\t\t\t\t\t\t\t\t\t<section class=\"elementor-section elementor-top-section elementor-element elementor-element-f3efb90 elementor-section-boxed elementor-section-height-default elementor-section-height-default\" data-id=\"f3efb90\" data-element_type=\"section\" data-settings=\"{&quot;background_background&quot;:&quot;classic&quot;}\">\n\t\t\t\t\t\t\t<div class=\"elementor-background-overlay\"><\/div>\n\t\t\t\t\t\t\t<div class=\"elementor-container elementor-column-gap-default\">\n\t\t\t\t\t\t\t<div class=\"elementor-row\">\n\t\t\t\t\t<div class=\"elementor-column elementor-col-100 elementor-top-column elementor-element elementor-element-409483c\" data-id=\"409483c\" data-element_type=\"column\">\n\t\t\t<div class=\"elementor-column-wrap elementor-element-populated\">\n\t\t\t\t\t\t\t<div class=\"elementor-widget-wrap\">\n\t\t\t\t\t\t<section class=\"elementor-section elementor-inner-section elementor-element elementor-element-9634cb0 elementor-section-boxed elementor-section-height-default elementor-section-height-default\" data-id=\"9634cb0\" data-element_type=\"section\">\n\t\t\t\t\t\t<div class=\"elementor-container elementor-column-gap-default\">\n\t\t\t\t\t\t\t<div class=\"elementor-row\">\n\t\t\t\t\t<div class=\"elementor-column elementor-col-100 elementor-inner-column elementor-element elementor-element-8f94925\" data-id=\"8f94925\" data-element_type=\"column\">\n\t\t\t<div class=\"elementor-column-wrap elementor-element-populated\">\n\t\t\t\t\t\t\t<div class=\"elementor-widget-wrap\">\n\t\t\t\t\t\t<div class=\"elementor-element elementor-element-e2e9ed1 elementor-widget elementor-widget-heading\" data-id=\"e2e9ed1\" data-element_type=\"widget\" data-widget_type=\"heading.default\">\n\t\t\t\t<div class=\"elementor-widget-container\">\n\t\t\t<h5 class=\"elementor-heading-title elementor-size-default\">Rechtliches<\/h5>\t\t<\/div>\n\t\t\t\t<\/div>\n\t\t\t\t<div class=\"elementor-element elementor-element-061fe2b elementor-widget elementor-widget-heading\" data-id=\"061fe2b\" data-element_type=\"widget\" data-widget_type=\"heading.default\">\n\t\t\t\t<div class=\"elementor-widget-container\">\n\t\t\t<h2 class=\"elementor-heading-title elementor-size-default\">Impressum<\/h2>\t\t<\/div>\n\t\t\t\t<\/div>\n\t\t\t\t<div class=\"elementor-element elementor-element-928940c elementor-widget elementor-widget-text-editor\" data-id=\"928940c\" data-element_type=\"widget\" data-widget_type=\"text-editor.default\">\n\t\t\t\t<div class=\"elementor-widget-container\">\n\t\t\t\t\t\t\t\t<div class=\"elementor-text-editor elementor-clearfix\">\n\t\t\t\t<p>Verantwortung<\/p>\t\t\t\t\t<\/div>\n\t\t\t\t\t\t<\/div>\n\t\t\t\t<\/div>\n\t\t\t\t<div class=\"elementor-element elementor-element-5515f39 elementor-widget-divider--view-line elementor-widget elementor-widget-divider\" data-id=\"5515f39\" data-element_type=\"widget\" data-widget_type=\"divider.default\">\n\t\t\t\t<div class=\"elementor-widget-container\">\n\t\t\t\t\t<div class=\"elementor-divider\">\n\t\t\t<span class=\"elementor-divider-separator\">\n\t\t\t\t\t\t<\/span>\n\t\t<\/div>\n\t\t\t\t<\/div>\n\t\t\t\t<\/div>\n\t\t\t\t\t\t<\/div>\n\t\t\t\t\t<\/div>\n\t\t<\/div>\n\t\t\t\t\t\t\t\t<\/div>\n\t\t\t\t\t<\/div>\n\t\t<\/section>\n\t\t\t\t\t\t<\/div>\n\t\t\t\t\t<\/div>\n\t\t<\/div>\n\t\t\t\t\t\t\t\t<\/div>\n\t\t\t\t\t<\/div>\n\t\t<\/section>\n\t\t\t\t<section class=\"elementor-section elementor-top-section elementor-element elementor-element-1f3fb29 elementor-section-boxed elementor-section-height-default elementor-section-height-default\" data-id=\"1f3fb29\" data-element_type=\"section\">\n\t\t\t\t\t\t<div class=\"elementor-container elementor-column-gap-default\">\n\t\t\t\t\t\t\t<div class=\"elementor-row\">\n\t\t\t\t\t<div class=\"elementor-column elementor-col-100 elementor-top-column elementor-element elementor-element-7be3205\" data-id=\"7be3205\" data-element_type=\"column\">\n\t\t\t<div class=\"elementor-column-wrap elementor-element-populated\">\n\t\t\t\t\t\t\t<div class=\"elementor-widget-wrap\">\n\t\t\t\t\t\t<div class=\"elementor-element elementor-element-cbaf0ea elementor-widget elementor-widget-text-editor\" data-id=\"cbaf0ea\" data-element_type=\"widget\" data-widget_type=\"text-editor.default\">\n\t\t\t\t<div class=\"elementor-widget-container\">\n\t\t\t\t\t\t\t\t<div class=\"elementor-text-editor elementor-clearfix\">\n\t\t\t\t<p><span style=\"font-size: 16.799999237060547px; color: var( --e-global-color-secondary );\">Angaben gem\u00e4\u00df \u00a7 5 TMG:<\/span><\/p>\n<p style=\"font-variant-caps: normal; font-family: Hind, sans-serif; font-size: 16.799999237060547px; font-style: normal;\"><span style=\"font-size: 16.799999237060547px; font-weight: bold;\">Malereibetrieb Klotz&nbsp;<\/span><br>J\u00fcrgen Klotz&nbsp;<br>Krokusweg 14&nbsp;<br>27801 D\u00f6tlingen&nbsp;<br>Tel.: &nbsp; &nbsp; &nbsp;0 44 33 &#8211; 96 91 77&nbsp;<br>Fax: &nbsp; &nbsp; &nbsp;0 44 33 &#8211; 96 91 79&nbsp;<br>Mobil: &nbsp;0172 &#8211; 4 37 59 28&nbsp;<br>Mail: &nbsp; &nbsp; info@malerei-klotz.de&nbsp;<\/p>\n<p style=\"font-variant-caps: normal; font-family: Hind, sans-serif; font-size: 16.799999237060547px; font-style: normal;\">Umsatzsteuer-ID: DE263043874<\/p>\n<p>Berufsbezeichnung: Maler und Lackierer<br>zust\u00e4ndige Kammer: Handwerkskammer<br>Verliehen durch: Bundesrepublik Deutschland<br>Es gelten folgende Regelungen: Handwerksordnung<\/p>\n<p><\/p>\n<p><b>Haftungsausschluss: <\/b><br>Die Inhalte unserer Seiten wurden mit gr\u00f6\u00dfter Sorgfalt erstellt. F\u00fcr die&nbsp; Richtigkeit, Vollst\u00e4ndigkeit und Aktualit\u00e4t der Inhalte k\u00f6nnen wir&nbsp; jedoch keine Gew\u00e4hr \u00fcbernehmen. Als Diensteanbieter sind wir gem\u00e4\u00df \u00a7 7&nbsp; Abs.1 TMG f\u00fcr eigene Inhalte auf diesen Seiten nach den allgemeinen&nbsp; Gesetzen verantwortlich. Nach \u00a7 8 bis 10 TMG sind wir als&nbsp; Diensteanbieter jedoch nicht verpflichtet, \u00fcbermittelte oder&nbsp; gespeicherte fremde Informationen zu \u00fcberwachen oder nach Umst\u00e4nden zu&nbsp; forschen, die auf eine rechtswidrige T\u00e4tigkeit hinweisen.&nbsp; Verpflichtungen zur Entfernung oder Sperrung der Nutzung von&nbsp; Informationen nach den allgemeinen Gesetzen bleiben hiervon unber\u00fchrt.&nbsp; Eine diesbez\u00fcgliche Haftung ist jedoch erst ab dem Zeitpunkt der&nbsp; Kenntnis einer konkreten Rechtsverletzung m\u00f6glich. Bei Bekanntwerden von entsprechenden Rechtsverletzungen werden wir diese Inhalte umgehend&nbsp; entfernen.<\/p>\n<p><b>Haftung f\u00fcr Links:<\/b><br>Unser Angebot enth\u00e4lt&nbsp; Links zu externen Webseiten Dritter, auf deren Inhalte wir keinen&nbsp; Einfluss haben. Deshalb k\u00f6nnen wir f\u00fcr diese fremden Inhalte auch keine&nbsp; Gew\u00e4hr \u00fcbernehmen. F\u00fcr die Inhalte der verlinkten Seiten ist stets der&nbsp; jeweilige Anbieter oder Betreiber der Seiten verantwortlich. Die&nbsp; verlinkten Seiten wurden zum Zeitpunkt der Verlinkung auf m\u00f6gliche&nbsp; Rechtsverst\u00f6\u00dfe \u00fcberpr\u00fcft. Rechtswidrige Inhalte waren zum Zeitpunkt der&nbsp; Verlinkung nicht erkennbar. Eine permanente inhaltliche Kontrolle der&nbsp; verlinkten Seiten ist jedoch ohne konkrete Anhaltspunkte einer&nbsp; Rechtsverletzung nicht zumutbar. Bei Bekanntwerden von&nbsp; Rechtsverletzungen werden wir derartige Links umgehend entfernen.<\/p>\n<p><b>Urheberrecht:<\/b><br>Die durch die Seitenbetreiber erstellten Inhalte und Werke auf diesen&nbsp; Seiten unterliegen dem deutschen Urheberrecht. Die Vervielf\u00e4ltigung,&nbsp; Bearbeitung, Verbreitung und jede Art der Verwertung au\u00dferhalb der&nbsp; Grenzen des Urheberrechtes bed\u00fcrfen der schriftlichen Zustimmung des&nbsp; jeweiligen Autors bzw. Erstellers. Downloads und Kopien dieser Seite&nbsp; sind nur f\u00fcr den privaten, nicht kommerziellen Gebrauch gestattet.&nbsp; Soweit die Inhalte auf dieser Seite nicht vom Betreiber erstellt wurden, werden die Urheberrechte Dritter beachtet. Insbesondere werden Inhalte&nbsp; Dritter als solche gekennzeichnet. Sollten Sie trotzdem auf eine&nbsp; Urheberrechtsverletzung aufmerksam werden, bitten wir um einen&nbsp; entsprechenden Hinweis. Bei Bekanntwerden von Rechtsverletzungen werden&nbsp; wir derartige Inhalte umgehend entfernen.<\/p>\n<p><b>Datenschutz:<\/b><br>Die Nutzung unserer Webseite ist in der Regel ohne Angabe personenbezogener Daten m\u00f6glich. Soweit auf unseren Seiten personenbezogene Daten&nbsp; (beispielsweise Name, Anschrift oder eMail-Adressen) erhoben werden,&nbsp; erfolgt dies, soweit m\u00f6glich, stets auf freiwilliger Basis. Diese Daten&nbsp; werden ohne Ihre ausdr\u00fcckliche Zustimmung nicht an Dritte weitergegeben.<br>Wir weisen darauf hin, dass die Daten\u00fcbertragung im Internet (z.B.&nbsp; bei der Kommunikation per E-Mail) Sicherheitsl\u00fccken aufweisen kann. Ein&nbsp; l\u00fcckenloser Schutz der Daten vor dem Zugriff durch Dritte ist nicht&nbsp; m\u00f6glich. <br>Der Nutzung von im Rahmen der Impressumspflicht&nbsp; ver\u00f6ffentlichten Kontaktdaten durch Dritte zur \u00dcbersendung von nicht&nbsp;&nbsp;&nbsp;&nbsp;&nbsp;&nbsp; ausdr\u00fccklich angeforderter Werbung und Informationsmaterialien wird&nbsp; hiermit ausdr\u00fccklich widersprochen. Die Betreiber der Seiten behalten&nbsp; sich ausdr\u00fccklich rechtliche Schritte im Falle der unverlangten&nbsp; Zusendung von Werbeinformationen, etwa durch Spam-Mails, vor.<\/p>\n<p>Quelle: Disclaimer von eRecht24<\/p>\t\t\t\t\t<\/div>\n\t\t\t\t\t\t<\/div>\n\t\t\t\t<\/div>\n\t\t\t\t\t\t<\/div>\n\t\t\t\t\t<\/div>\n\t\t<\/div>\n\t\t\t\t\t\t\t\t<\/div>\n\t\t\t\t\t<\/div>\n\t\t<\/section>\n\t\t\t\t\t\t\t\t\t<\/div>\n\t\t\t<\/div>\n\t\t\t\t\t<\/div>\n\t\t","protected":false},"excerpt":{"rendered":"<p>Rechtliches Impressum Verantwortung Angaben gem\u00e4\u00df \u00a7 5 TMG: Malereibetrieb Klotz&nbsp;J\u00fcrgen Klotz&nbsp;Krokusweg 14&nbsp;27801 D\u00f6tlingen&nbsp;Tel.: &nbsp; &nbsp; &nbsp;0 44 33 &#8211; 96 91 77&nbsp;Fax: &nbsp; &nbsp; &nbsp;0 44 33 &#8211; 96 91 79&nbsp;Mobil: &nbsp;0172 &#8211; 4 37 59 28&nbsp;Mail: &nbsp; &nbsp; info@malerei-klotz.de&nbsp; Umsatzsteuer-ID: DE263043874 Berufsbezeichnung: Maler und Lackiererzust\u00e4ndige Kammer: HandwerkskammerVerliehen durch: Bundesrepublik DeutschlandEs gelten folgende Regelungen: Handwerksordnung [&hellip;]<\/p>\n","protected":false},"author":1,"featured_media":0,"parent":0,"menu_order":0,"comment_status":"closed","ping_status":"closed","template":"","meta":[],"_links":{"self":[{"href":"https:\/\/malerei-klotz.de\/wordpress\/wp-json\/wp\/v2\/pages\/671"}],"collection":[{"href":"https:\/\/malerei-klotz.de\/wordpress\/wp-json\/wp\/v2\/pages"}],"about":[{"href":"https:\/\/malerei-klotz.de\/wordpress\/wp-json\/wp\/v2\/types\/page"}],"author":[{"embeddable":true,"href":"https:\/\/malerei-klotz.de\/wordpress\/wp-json\/wp\/v2\/users\/1"}],"replies":[{"embeddable":true,"href":"https:\/\/malerei-klotz.de\/wordpress\/wp-json\/wp\/v2\/comments?post=671"}],"version-history":[{"count":14,"href":"https:\/\/malerei-klotz.de\/wordpress\/wp-json\/wp\/v2\/pages\/671\/revisions"}],"predecessor-version":[{"id":1055,"href":"https:\/\/malerei-klotz.de\/wordpress\/wp-json\/wp\/v2\/pages\/671\/revisions\/1055"}],"wp:attachment":[{"href":"https:\/\/malerei-klotz.de\/wordpress\/wp-json\/wp\/v2\/media?parent=671"}],"curies":[{"name":"wp","href":"https:\/\/api.w.org\/{rel}","templated":true}]}}